 -2*(-1)/4*2. Calculate the remainder when (-22)/(6/(-3)) - m is divided by d.
4
Let k = 47 - 14. Let o = -4 + -5. Let s = o - -21. Calculate the remainder when k is divided by s.
9
Suppose 4*p = -36 + 12. What is the remainder when 43 is divided by ((-65)/(1 + p))/1?
4
Suppose 0 = -48*c + 43*c + 55. Suppose -2*x = -5*x + 123. Calculate the remainder when x is divided by c.
8
Calculate the remainder when 377 is divided by 2/(((-5)/(-15))/(24/8)).
17
Let n = 276 + -186. Calculate the remainder when n is divided by 24.
18
Let g(u) = -u - 10. Let d be (20/5)/(4/(-14)). Let h be g(d). Suppose -h*f + 37 = 5. Calculate the remainder when 23 is divided by f.
7
Suppose 0 = -m - 2*z + 5, 0*m = -m - 5*z + 5. Let a = 5 - m. Suppose -5*t + 475 = -a*t. What is the remainder when t is divided by 24?
23
Suppose -147 = 5*q + 183. What is the remainder when q/4*14/(-7) is divided by 9?
6
Let x(z) = 18*z**2 - 3*z - 1. What is the remainder when x(4) is divided by 20?
15
Suppose 4*v = 12*v - 312. Calculate the remainder when 70 is divided by v.
31
Suppose -434 = 28*p - 1862. Calculate the remainder when p is divided by 1/(-3) + (-170)/(-15).
7
Let o(n) = -46*n + 4. What is the remainder when o(-5) is divided by 59?
57
Let p = -122 - -169. Let m(k) = k**2 + 6*k + 5. Calculate the remainder when p is divided by m(-7).
11
Suppose 3*t - 34 = t. Let m(i) = 19*i**2 - 10*i - 7. What is the remainder when m(-1) is divided by t?
5
Suppose 0 = 5*q - 5*a + 4*a - 44, 5*a = 2*q - 13. Calculate the remainder when q is divided by 7.
2
Let v = 130 - 72. Calculate the remainder when v - 8/6*3 is divided by 19.
16
Let o = 17 - 40. Let n(u) = -4*u - 67. What is the remainder when 149 is divided by n(o)?
24
Suppose 5*k = 20 - 10, 0 = 5*x - k - 433. What is the remainder when x is divided by 44?
43
Let y(p) = p**3 + 8*p**2 - 2*p - 11. Suppose -o - m = -4*m - 14, -m - 28 = -2*o. What is the remainder when y(-8) is divided by o/91 - 48/(-26)?
1
Suppose 0 = -0*g + 3*g. Suppose 2*n - 4*f = 44, -4*n + 63 - 11 = 4*f. Let v = n + g. What is the remainder when 47 is divided by v?
15
Suppose 4*y = 2*y. Suppose y*h + 4*h = -8, 0 = k - 3*h - 9. Calculate the remainder when 7 is divided by k.
1
Let r = 5 + 3. Calculate the remainder when (-8 + (0 - -9))/(1/53) is divided by r.
5
Let u be (-1)/3*-3 + 1. Suppose 2*g + u*g + 24 = 4*w, 0 = w - 5*g - 18. Suppose 3*h - w = -m + 2, 5*h + 3*m = 3. What is the remainder when 4 is divided by h?
1
Suppose 0 = -p + 7 + 40. Let b be 4/6*(-15)/(-2). Suppose -2*f + b*d + 34 = -0*f, d - 58 = -5*f. What is the remainder when p is divided by f?
11
Let o(j) = -j**3 + 23*j**2 + 28*j + 39. Suppose -3*v = v - f - 87, -2*f = -2*v + 36. What is the remainder when o(24) is divided by v?
20
Suppose -2*q = 3*q - 90. Suppose 129 - 31 = 14*h. What is the remainder when q is divided by h?
4
Let m be (-2)/(-2*(-3)/27 - 0). Let j(q) = -q**2 - 12*q - 12. Calculate the remainder when 57 is divided by j(m).
12
Let l be (2/3)/(18/(-3078)). What is the remainder when 80 is divided by 3 - l/((-12)/(-4))?
39
Suppose 2*t - 4*t - 4*u = 0, -2*t = 2*u - 2. Suppose -t*i + 49 + 53 = 2*l, -3*i = -9. What is the remainder when 50 is divided by (-2 - l/(-20))*35?
8
Suppose -54 = f - 60. What is the remainder when 23 - 5/(10/4) is divided by f?
3
Let b(h) = h**2 + 7*h + 10. Let l be b(-6). Let u(f) = -f - 5. Let g be u(l). Let r(w) = w**2 + 10*w + 19. What is the remainder when 47 is divided by r(g)?
7
Let j = -750 + 755. Let h(n) = n**3 + 5*n**2 - 8*n - 8. Let p be h(-6). What is the remainder when (-2)/4 - (-30)/p is divided by j?
2
Let v(o) = -o**3 + 4*o**2 + 5*o + 2. Let q be -1 + 3 + 3 - 0. Let t be v(q). What is the remainder when ((-22)/t)/(1/(-3)) is divided by 7?
5
Suppose -4*j = 4*r - 12, 2*r + 0 = 2*j - 2. Suppose 0 = -3*k - r + 13. What is the remainder when 18 is divided by k?
2
Suppose 2*v - 9 = 7. Calculate the remainder when v/(-3)*465/(-20) is divided by 48/9*3*1.
14
Suppose -q + 12 = q. Suppose -4*r = 2*n - 12, 2*n - 3*n + 5*r - 8 = 0. What is the remainder when (-8)/q*(-6 - -3) is divided by n?
0
Suppose x + 2 = 3. Let f = x + 11. What is the remainder when 4/(-14) + (-2409)/(-77) is divided by f?
7
What is the remainder when 540/6 + (-9 - -5) is divided by 7?
2
Let s(d) = -2*d**3 + 5*d**2 + 2*d + 5. Let i be s(4). Let h = -18 - i. Calculate the remainder when h is divided by 9.
8
Suppose 5*i + 4*b = 7*b + 3, b = i - 1. Suppose 2*n - 22 - 38 = i. What is the remainder when 113 is divided by n?
23
What is the remainder when 36/66 + 148/11 is divided by 5?
4
Let q be ((-1)/1)/((-3)/24). Let i(l) = -l**3 + 7*l**2 + 2*l + 5. Let y be i(q). Let f = 63 + y. Calculate the remainder when 38 is divided by f.
18
Let g = 2999 + -2723. What is the remainder when g is divided by 92?
0
Let x(l) = -l**3 + 10*l**2 - l + 12. Let d be x(10). Suppose 24 = d*g - 0*m + 2*m, g - 18 = 5*m. Let h = 19 - -4. What is the remainder when h is divided by g?
10
Let h(d) = 5*d**2 - 4*d + 1. Let c(g) = 6*g**3 + 6*g**3 - 6*g**2 + 7*g - 11*g**3 + 2 + 0*g**3. What is the remainder when h(-3) is divided by c(5)?
10
Let m = 65 - 13. Calculate the remainder when m is divided by 32.
20
What is the remainder when (-4)/(-20)*(944 - 19) is divided by 93?
92
Let x(p) = 21*p - 45. What is the remainder when 74 is divided by x(4)?
35
Suppose 4*r + 3*j - 80 = 0, -2*r = 2*j - j - 42. Calculate the remainder when 260 is divided by r.
7
Suppose 4*c = -5*b + 6, c = -3*b - 3 + 1. Let p(f) = -6*f - 11. Let m be p(-10). Suppose 7*v - m = 14. What is the remainder when v is divided by c?
1
Calculate the remainder when 510 is divided by -1 - 574/(-26 + 12).
30
Let b = -50 - -59. Let f = 118 - b. Calculate the remainder when f is divided by 28.
25
Suppose -3*b + 138 + 37 = 5*d, 3*b + 2*d = 160. What is the remainder when 94 is divided by b?
44
Let z = 711 - 678. Calculate the remainder when 36 is divided by z.
3
Let d(y) = y**3 + 6*y**2 + 8*y - 5. Let o be d(5). Suppose -o = -i - 4*i. Let w = -13 + 29. What is the remainder when i is divided by w?
14
Suppose 59*p - 13*p - 874 = 0. What is the remainder when 185 is divided by p?
14
Suppose 2*z - 71 + 21 = 0. Let x(t) = -2*t**3 - 2*t**2 - 1. Let w be x(-3). Let b = w - -39. Calculate the remainder when b is divided by z.
24
Let h = 81 - 68. Suppose -h*z + 72 = -z. What is the remainder when z is divided by 5?
1
What is the remainder when -6 + (810 - (-6 + (5 - -1))) is divided by 26?
24
Suppose 3*v = 7*v - 8. Let p(q) = 4*q**3 - 2*q**2 + q + 4. Calculate the remainder when p(v) is divided by 9.
3
Let p be (-6)/3 + 1*7. Suppose k - t - 2 = -0*t, -p*k = 4*t - 55. Let g(r) = r + 3. What is the remainder when 17 is divided by g(k)?
7
Let c be ((-18)/4)/(2/(-12)). Suppose -h - 2*h = -c. What is the remainder when 24 is divided by h?
6
Let c(i) be the first derivative of i**4/4 - i**3/3 - i**2 + 50*i - 20. Calculate the remainder when 99 is divided by c(0).
49
Suppose -17 = -l + 3*b, -b = -l - 2*b + 5. Calculate the remainder when 81 is divided by l.
1
Let j(q) = 16*q**2 + 41*q - 84. Calculate the remainder when j(2) is divided by 27.
8
Suppose 0 = -4*s + s + 60. Suppose -s = 3*h - 92. Suppose 117*g - 130*g = -169. Calculate the remainder when h is divided by g.
11
Suppose -5*l = -i + 43, -91*l = -3*i - 95*l + 34. Calculate the remainder when (-319)/(-3) + 1/(-3) is divided by i.
16
Let y = -1 + 1. Let c be (-28)/(-154) - (-40)/22. Suppose c = f - y. Calculate the remainder when f is divided by 1.
0
Suppose 0 = 4*t + k + 377, -k + 252 + 29 = -3*t. What is the remainder when 73 is divided by t/(-5) - 13/(-65)?
16
Let i(l) = -19*l + 407. Let j(v) = 24*v**2 + v. Calculate the remainder when i(18) is divided by j(-1).
19
Let a(k) = 17*k - 6. Calculate the remainder when a(4) is divided by 2/1*((-420)/(-8))/5.
20
What is the remainder when 156 is divided by ((-35)/42*3)/(10/(-168))?
30
Suppose -5*l + 213 = 38. Calculate the remainder when l is divided by ((-28)/(-7) + -7)/(-5)*30.
17
Suppose -142 = -5*d - 2. What is the remainder when (-2*(-126)/140)/(3/(-10)) + 88 is divided by d?
26
Suppose -2*w = -3*w + 5, 3*s = 3*w. Suppose 0 = -2*t + t - v + 33, 5*v = -s. What is the remainder when t is divided by 16?
2
Let q = -722 + 780. Calculate the remainder when q is divided by 15.
13
Let a(m